{"id":81,"date":"2025-02-01T17:31:04","date_gmt":"2025-02-01T16:31:04","guid":{"rendered":"http:\/\/www.residence-lapalmeraie.fr\/?page_id=81"},"modified":"2025-02-01T17:52:53","modified_gmt":"2025-02-01T16:52:53","slug":"location-studio-de-21m2-pour-deux-personnes","status":"publish","type":"page","link":"https:\/\/www.residence-lapalmeraie.fr\/index.php\/location-studio-de-21m2-pour-deux-personnes\/","title":{"rendered":"Studio de 21m2 pour deux personnes."},"content":{"rendered":"\n<h2 class=\"wp-block-heading\">Studio meubl\u00e9 de 21m2<\/h2>\n\n\n\n<p>Charmant studio avec une cuisine \u00e9quip\u00e9e, &nbsp;<\/p>\n\n\n\n<p>un espace salon et un coin chambre avec lit double,<\/p>\n\n\n\n<p>une salle de bain avec douche et WC. Le studio est<\/p>\n\n\n\n<p>\u00e9galement \u00e9quip\u00e9 d&#8217;une TV et d&#8217;un acc\u00e8s au wifi gratuit.<\/p>\n\n\n\n<h3 class=\"wp-block-heading\">Caract\u00e9ritiques<\/h3>\n\n\n\n<ul class=\"wp-block-list\">\n<li><strong>Type<\/strong>Studio<\/li>\n\n\n\n<li><strong>Surface<\/strong>21 m\u00b2<\/li>\n\n\n\n<li><strong>Piece \u00e0 vivre<\/strong>&#8220;Coin cuisine&#8221; et un canap\u00e9<\/li>\n\n\n\n<li><strong>Chambre<\/strong>Spacieuse, nombreux rangements, 1 lit 140cm<\/li>\n\n\n\n<li><strong>Salle d&#8217;eau<\/strong>Pi\u00e9ce s\u00e9par\u00e9<\/li>\n\n\n\n<li><strong>WC<\/strong>Pi\u00e8ce s\u00e9par\u00e9<\/li>\n<\/ul>\n\n\n\n<h3 class=\"wp-block-heading\">Equipements<\/h3>\n\n\n\n<ul class=\"wp-block-list\">\n<li><strong>Cuisine<\/strong>\u00a0Plaque de cuison avec h\u00f4te et ustensiles<\/li>\n\n\n\n<li><strong>Confort<\/strong>Tv connect\u00e9 via TNT, acc\u00e8s wifi de la r\u00e9sidence<\/li>\n<\/ul>\n\n\n\n<h2 class=\"wp-block-heading\">Tarifs<\/h2>\n\n\n\n<ul class=\"wp-block-list\">\n<li>Basse saison : 160\u20ac\/semaine (Mars\/avril\/octobre\/novembre)<\/li>\n\n\n\n<li>Moyenne saison : 170\u20ac\/semaine (Mai\/juin\/septembre)<\/li>\n\n\n\n<li>Haute saison \u00a0: 190\u20ac\/semaine (Juillet\/aout)<\/li>\n\n\n\n<li>Vacance d&#8217;hiver:\u00a0190\u20ac\/semaine<\/li>\n\n\n\n<li>Forfait cure \u00e0 480\u20ac pour 3 semaines toutes saisons confondues<\/li>\n\n\n\n<li>Pour les week-end nous contacter<\/li>\n<\/ul>\n\n\n\n<p id=\"tinymce\"><strong>Le prix ne comprend pas<\/strong>&nbsp;la taxe de s\u00e9jour .<\/p>\n\n\n\n<h2 class=\"wp-block-heading\">Modalit\u00e9s de la location<\/h2>\n\n\n\n<ul class=\"wp-block-list\">\n<li>Caution de 300\u20ac<\/li>\n\n\n\n<li>25% d&#8217;arrhes pour la r\u00e9servation<\/li>\n\n\n\n<li>Arriv\u00e9e le Samedi apr\u00e8s 16h00, d\u00e9part le samedi avant 10h00<\/li>\n\n\n\n<li>Draps, torchons et linge de toilette non fournis<\/li>\n\n\n\n<li>M\u00e9nage non inclus<\/li>\n<\/ul>\n","protected":false},"excerpt":{"rendered":"<p>Studio meubl\u00e9 de 21m2 Charmant studio avec une cuisine \u00e9quip\u00e9e, &nbsp; un espace salon et un coin chambre avec lit double, une salle de bain avec douche et WC. Le studio est \u00e9galement \u00e9quip\u00e9 d&#8217;une TV et d&#8217;un acc\u00e8s au wifi gratuit. Caract\u00e9ritiques Equipements Tarifs Le prix ne comprend pas&nbsp;la taxe de s\u00e9jour . Modalit\u00e9s &#8230; <a href=\"https:\/\/www.residence-lapalmeraie.fr\/index.php\/location-studio-de-21m2-pour-deux-personnes\/\" class=\"more-link\">Read More<span class=\"screen-reader-text\"> &#8220;Studio de 21m2 pour deux personnes.&#8221;<\/span> &raquo;<\/a><\/p>\n","protected":false},"author":1,"featured_media":0,"parent":0,"menu_order":0,"comment_status":"closed","ping_status":"closed","template":"","meta":{"footnotes":""},"class_list":["post-81","page","type-page","status-publish","hentry"],"_links":{"self":[{"href":"https:\/\/www.residence-lapalmeraie.fr\/index.php\/wp-json\/wp\/v2\/pages\/81","targetHints":{"allow":["GET"]}}],"collection":[{"href":"https:\/\/www.residence-lapalmeraie.fr\/index.php\/wp-json\/wp\/v2\/pages"}],"about":[{"href":"https:\/\/www.residence-lapalmeraie.fr\/index.php\/wp-json\/wp\/v2\/types\/page"}],"author":[{"embeddable":true,"href":"https:\/\/www.residence-lapalmeraie.fr\/index.php\/wp-json\/wp\/v2\/users\/1"}],"replies":[{"embeddable":true,"href":"https:\/\/www.residence-lapalmeraie.fr\/index.php\/wp-json\/wp\/v2\/comments?post=81"}],"version-history":[{"count":2,"href":"https:\/\/www.residence-lapalmeraie.fr\/index.php\/wp-json\/wp\/v2\/pages\/81\/revisions"}],"predecessor-version":[{"id":92,"href":"https:\/\/www.residence-lapalmeraie.fr\/index.php\/wp-json\/wp\/v2\/pages\/81\/revisions\/92"}],"wp:attachment":[{"href":"https:\/\/www.residence-lapalmeraie.fr\/index.php\/wp-json\/wp\/v2\/media?parent=81"}],"curies":[{"name":"wp","href":"https:\/\/api.w.org\/{rel}","templated":true}]}}